divided by 112.
109
What is the remainder when 45911 is divided by 126?
47
What is the remainder when 23603 is divided by 495?
338
What is the remainder when 32370 is divided by 675?
645
What is the remainder when 1142 is divided by 552?
38
What is the remainder when 34955 is divided by 182?
11
What is the remainder when 840 is divided by 798?
42
What is the remainder when 15867 is divided by 10?
7
Calculate the remainder when 738 is divided by 352.
34
What is the remainder when 3111 is divided by 62?
11
Calculate the remainder when 23340 is divided by 7743.
111
What is the remainder when 228318 is divided by 694?
686
Calculate the remainder when 131992 is divided by 6.
4
What is the remainder when 1475 is divided by 174?
83
What is the remainder when 12629 is divided by 468?
461
What is the remainder when 1847 is divided by 440?
87
What is the remainder when 106666 is divided by 53327?
12
Calculate the remainder when 21315 is divided by 1331.
19
Calculate the remainder when 84913 is divided by 17.
15
What is the remainder when 2343 is divided by 268?
199
What is the remainder when 5370 is divided by 253?
57
What is the remainder when 3410 is divided by 428?
414
What is the remainder when 38249 is divided by 62?
57
What is the remainder when 6264 is divided by 529?
445
Calculate the remainder when 24919 is divided by 40.
39
What is the remainder when 2296 is divided by 511?
252
What is the remainder when 1648 is divided by 331?
324
Calculate the remainder when 22669 is divided by 2735.
789
What is the remainder when 848383 is divided by 121197?
4
Calculate the remainder when 20739 is divided by 3.
0
What is the remainder when 5379 is divided by 637?
283
Calculate the remainder when 65409 is divided by 108.
69
What is the remainder when 16595 is divided by 43?
40
What is the remainder when 5744 is divided by 2870?
4
What is the remainder when 43049 is divided by 4782?
11
What is the remainder when 1619 is divided by 1162?
457
What is the remainder when 1000 is divided by 959?
41
Calculate the remainder when 8729 is divided by 110.
39
Calculate the remainder when 4168 is divided by 675.
118
Calculate the remainder when 3647 is divided by 131.
110
What is the remainder when 27019 is divided by 13506?
7
What is the remainder when 1204135 is divided by 8?
7
Calculate the remainder when 511136 is divided by 27.
26
Calculate the remainder when 140107 is divided by 10.
7
What is the remainder when 372 is divided by 276?
96
What is the remainder when 2037 is divided by 1000?
37
Calculate the remainder when 53877 is divided by 717.
102
Calculate the remainder when 33819 is divided by 604.
599
What is the remainder when 953 is divided by 289?
86
Calculate the remainder when 3830 is divided by 49.
8
Calculate the remainder when 328 is divided by 141.
46
Calculate the remainder when 600224 is divided by 679.
667
Calculate the remainder when 2239 is divided by 322.
307
What is the remainder when 4072 is divided by 41?
13
What is the remainder when 29309 is divided by 64?
61
Calculate the remainder when 13446 is divided by 67.
46
What is the remainder when 20977 is divided by 699?
7
What is the remainder when 69055 is divided by 18?
7
What is the remainder when 440468 is divided by 110114?
12
What is the remainder when 13717 is divided by 415?
22
What is the remainder when 2084 is divided by 95?
89
Calculate the remainder when 293 is divided by 285.
8
Calculate the remainder when 154029 is divided by 57.
15
What is the remainder when 2664273 is divided by 1501?
1499
What is the remainder when 168678 is divided by 167?
8
Calculate the remainder when 1561 is divided by 68.
65
What is the remainder when 27466 is divided by 84?
82
What is the remainder when 28592 is divided by 786?
296
Calculate the remainder when 143344 is divided by 71.
66
What is the remainder when 15444 is divided by 15407?
37
Calculate the remainder when 620 is divided by 235.
150
Calculate the remainder when 35722 is divided by 2549.
36
What is the remainder when 51313 is divided by 25641?
31
Calculate the remainder when 620562 is divided by 2698.
22
Calculate the remainder when 102313 is divided by 1248.
1225
Calculate the remainder when 1081588 is divided by 1163.
1161
Calculate the remainder when 7098 is divided by 522.
312
Calculate the remainder when 3616 is divided by 318.
118
Calculate the remainder when 195997 is divided by 53.
3
Calculate the remainder when 136242 is divided by 114.
12
Calculate the remainder when 5617 is divided by 287.
164
Calculate the remainder when 6038 is divided by 2857.
324
Calculate the remainder when 195283 is divided by 75.
58
What is the remainder when 520 is divided by 53?
43
Calculate the remainder when 48379 is divided by 24060.
259
What is the remainder when 5228 is divided by 29?
8
What is the remainder when 23445 is divided by 756?
9
Calculate the remainder when 301489 is divided by 147.
139
Calculate the remainder when 2616 is divided by 42.
12
Calculate the remainder when 28854 is divided by 1069.
1060
What is the remainder when 42137 is divided by 21001?
135
What is the remainder when 94682 is divided by 29?
26
What is the remainder when 11352383 is divided by 31?
28
What is the remainder when 130828 is divided by 147?
145
Calculate the remainder when 2520785 is divided by 72.
65
What is the remainder when 91586 is divided by 271?
259
What is the remainder when 91830 is divided by 328?
318
Calculate the remainder when 161258 is divided by 5.
3
What is the remainder when 11179 is divided by 71?
32
Calculate the remainder when 23893 is divided by 59.
57
Calculate the remainder when 1151516 is divided by 6327.
2
What is the remainder when 14110 is divided by 441?
439
Calculate the remainder when 256782 is divided by 62.
40
Calculate the remainder when 490 is divided by 183.
124
What is the remainder when 16499 is divided by 305?
29
What is the remainder when 20138 is divided by 546?
482
What is the remainder when 19014 is divided by 190?
14
Calculate the remainder when 5913 is divided by 1950.
63
Calculate the remainder when 68360 is divided by 17.
3
What is the remainder when 40886 is divided by 11?
10
Calculate the remainder when 17785 is divided by 49.
47
Calculate the remainder when 4811 is divided by 1585.
56
What is the remainder when 2216 is divided by 2120?
96
What is the remainder when 2100 is divided by 647?
159
What is the remainder when 87920 is divided by 102?
98
What is the remainder when 5027 is divided by 1530?
437
What is the remainder when 1101 is divided by 940?
161
What is the remainder when 36264 is divided by 12016?
216
Calculate the remainder when 633401 is divided by 198.
197
Calculate the remainder when 53974 is divided by 53967.
7
What is the remainder when 933 is divided by 26?
23
Calculate the remainder when 1266 is divided by 1036.
230
Calculate the remainder when 4926 is divided by 1.
0
Calculate the remainder when 13599 is divided by 6650.
299
Calculate the remainder when 62282 is divided by 6895.
227
Calculate the remainder when 22041 is divided by 7334.
39
What is the remainder when 331240 is divided by 55201?
34
Calculate the remainder when 16160 is divided by 53.
48
Calculate the remainder when 42413 is divided by 42.
35
What is the remainder when 454298 is divided by 385?
383
What is the remainder when 4100 is divided by 35?
5
Calculate the remainder when 144090 is divided by 1386.
1332
Calculate the remainder when 216107 is divided by 245.
17
What is the remainder when 89289 is divided by 333?
45
What is the remainder when 10589 is divided by 423?
14
Calculate the remainder when 201641 is divided by 25.
16
What is the remainder when 253 is divided by 86?
81
Calculate the remainder when 4696 is divided by 207.
142
Calculate the remainder when 146321 is divided by 1076.
1061
Calculate the remainder when 26085 is divided by 767.
7
What is the remainder when 3590 is divided by 156?
2
What is the remainder when 33025 is divided by 32986?
39
What is the remainder when 1152855 is divided by 21?
18
What is the remainder when 1571 is divided by 268?
231
Calculate the remainder when 238957 is divided by 4978.
13
What is the remainder when 2085 is divided by 255?
45
Calculate the remainder when 10982 is divided by 5